hat is the remainder when 43873 is divided by 493?
489
Calculate the remainder when 32262 is divided by 147.
69
Calculate the remainder when 3522 is divided by 10.
2
Calculate the remainder when 492387 is divided by 45.
42
Calculate the remainder when 710 is divided by 253.
204
What is the remainder when 19135 is divided by 110?
105
What is the remainder when 24177 is divided by 14?
13
What is the remainder when 3478 is divided by 87?
85
Calculate the remainder when 30074 is divided by 67.
58
What is the remainder when 948 is divided by 940?
8
Calculate the remainder when 8398 is divided by 207.
118
Calculate the remainder when 447623 is divided by 31973.
1
What is the remainder when 4924 is divided by 224?
220
What is the remainder when 503735 is divided by 9?
5
What is the remainder when 11859 is divided by 339?
333
Calculate the remainder when 6499 is divided by 5662.
837
Calculate the remainder when 1203 is divided by 92.
7
Calculate the remainder when 1227 is divided by 346.
189
Calculate the remainder when 6009 is divided by 15.
9
What is the remainder when 280293 is divided by 554?
523
What is the remainder when 8579 is divided by 25?
4
What is the remainder when 341181 is divided by 181?
177
What is the remainder when 189030 is divided by 94515?
0
Calculate the remainder when 2285 is divided by 618.
431
Calculate the remainder when 3771 is divided by 576.
315
Calculate the remainder when 31015 is divided by 46.
11
What is the remainder when 967 is divided by 493?
474
Calculate the remainder when 40117 is divided by 1029.
1015
What is the remainder when 4097 is divided by 515?
492
Calculate the remainder when 50226 is divided by 106.
88
Calculate the remainder when 246351 is divided by 5.
1
Calculate the remainder when 15989 is divided by 340.
9
Calculate the remainder when 47296 is divided by 15751.
43
What is the remainder when 591615 is divided by 6?
3
Calculate the remainder when 1432 is divided by 718.
714
What is the remainder when 177010 is divided by 13616?
2
Calculate the remainder when 10262 is divided by 41.
12
Calculate the remainder when 54672 is divided by 422.
234
What is the remainder when 1385688 is divided by 242?
238
What is the remainder when 23677 is divided by 93?
55
What is the remainder when 8904 is divided by 9?
3
Calculate the remainder when 211084 is divided by 18.
16
What is the remainder when 11836 is divided by 32?
28
Calculate the remainder when 2250 is divided by 584.
498
What is the remainder when 61327 is divided by 6813?
10
What is the remainder when 7989 is divided by 276?
261
What is the remainder when 5736 is divided by 2867?
2
Calculate the remainder when 687 is divided by 323.
41
Calculate the remainder when 75537 is divided by 15.
12
Calculate the remainder when 371275 is divided by 520.
515
What is the remainder when 385501 is divided by 546?
25
What is the remainder when 1939837 is divided by 160?
157
What is the remainder when 1294 is divided by 1161?
133
What is the remainder when 12734 is divided by 1590?
14
Calculate the remainder when 7800 is divided by 54.
24
What is the remainder when 22204 is divided by 39?
13
What is the remainder when 381368 is divided by 31?
6
Calculate the remainder when 47429 is divided by 158.
29
What is the remainder when 146417 is divided by 29?
25
Calculate the remainder when 225000 is divided by 74954.
138
Calculate the remainder when 613619 is divided by 140.
139
What is the remainder when 2077 is divided by 123?
109
Calculate the remainder when 29502 is divided by 177.
120
What is the remainder when 514 is divided by 280?
234
Calculate the remainder when 6751 is divided by 262.
201
Calculate the remainder when 220794 is divided by 191.
189
Calculate the remainder when 158785 is divided by 335.
330
Calculate the remainder when 13362 is divided by 13350.
12
What is the remainder when 10231 is divided by 1020?
31
What is the remainder when 76937 is divided by 1203?
1148
What is the remainder when 1738301 is divided by 628?
625
Calculate the remainder when 1185177 is divided by 3.
0
What is the remainder when 42884 is divided by 17?
10
Calculate the remainder when 605578 is divided by 51.
4
Calculate the remainder when 69752 is divided by 719.
9
What is the remainder when 3373 is divided by 444?
265
What is the remainder when 113 is divided by 97?
16
What is the remainder when 78237 is divided by 100?
37
What is the remainder when 45222 is divided by 1458?
24
What is the remainder when 8547 is divided by 1698?
57
What is the remainder when 14300 is divided by 37?
18
Calculate the remainder when 238543 is divided by 103.
98
What is the remainder when 251 is divided by 92?
67
What is the remainder when 16640 is divided by 1109?
5
Calculate the remainder when 30935 is divided by 15466.
3
What is the remainder when 173719 is divided by 23?
0
Calculate the remainder when 40863 is divided by 98.
95
What is the remainder when 461879 is divided by 161?
131
Calculate the remainder when 114199 is divided by 10.
9
What is the remainder when 10880 is divided by 3618?
26
Calculate the remainder when 12535 is divided by 159.
133
What is the remainder when 8955 is divided by 638?
23
What is the remainder when 3507599 is divided by 948?
947
What is the remainder when 1190498 is divided by 4?
2
Calculate the remainder when 300308 is divided by 25024.
20
Calculate the remainder when 52868 is divided by 10.
8
What is the remainder when 3147310 is divided by 116?
114
Calculate the remainder when 2276258 is divided by 14.
12
Calculate the remainder when 355801 is divided by 3041.
4
What is the remainder when 27213 is divided by 36?
33
What is the remainder when 22407 is divided by 1490?
57
Calculate the remainder when 4443 is divided by 290.
93
Calculate the remainder when 2178 is divided by 467.
310
Calculate the remainder when 455788 is divided by 132.
124
What is the remainder when 14169 is divided by 92?
1
Calculate the remainder when 4879 is divided by 235.
179
What is the remainder when 903 is divided by 842?
61
Calculate the remainder when 787182 is divided by 245.
242
Calculate the remainder when 700588 is divided by 200.
188
Calculate the remainder when 41482 is divided by 17.
2
What is the remainder when 5257 is divided by 13?
5
What is the remainder when 4027 is divided by 3?
1
Calculate the remainder when 5851 is divided by 845.
781
What is the remainder when 7300 is divided by 51?
7
Calculate the remainder when 41520 is divided by 551.
195
What is the remainder when 25619 is divided by 125?
119
What is the remainder when 2225 is divided by 554?
9
What is the remainder when 35977 is divided by 306?
175
What is the remainder when 907 is divided by 885?
22
Calculate the remainder when 920 is divided by 378.
164
Calculate the remainder when 48049 is divided by 528.
1
Calculate the remainder when 27011 is divided by 794.
15
Calculate the remainder when 9732 is divided by 810.
12
What is the remainder when 8730 is divided by 1431?
144
What is the remainder when 890 is divided by 230?
200
Calculate the remainder when 4036 is divided by 213.
202
Calculate the remainder when 29563 is divided by 264.
259
What is the remainder when 5500 is divided by 40?
20
What is the remainder when 1585 is divided by 744?
97
What is the remainder when 1435 is divided by 699?
37
Calculate the remainder when 8972 is divided by 67.
61
Calculate the remainder when 933 is divided by 510.
423
Calculate the remainder when 143506 is divided by 47820.
46
What is the remainder when 3830 is divided by 781?
706
Calculate the remainder when 119 is divided by 79.
40
What is the remainder when 21792 is divided by 121?
12
Calculate the remainder when 49420 is divided by 325.
20
What is the remainder when 12155 is divided by 160?
155
Calculate the remainder when 77291 is divided by 77289.
2
Calculate the remainder when 350075 is divided by 491.
483
What is the remainder when 1057481 is divided by 39?
35
What is the remainder when 27348 is divided by 268?
12
Calculate the remainder when 492 is divided by 224.
44
What is the remainder when 4654 is divided by 2105?
444
What is the remainder when 22711 is divided by 25?
11
What is the remainder when 1792 is divided by 12?
4
Calculate the remainder when 48244 is